{"id":1393,"date":"2026-03-25T10:47:34","date_gmt":"2026-03-25T10:47:34","guid":{"rendered":"https:\/\/www.m2arquitectura.es\/portafolio\/"},"modified":"2026-07-28T14:17:15","modified_gmt":"2026-07-28T14:17:15","slug":"portfolio","status":"publish","type":"page","link":"https:\/\/www.m2arquitectura.es\/de\/portfolio\/","title":{"rendered":"Portfolio"},"content":{"rendered":"\n<p>Aus unseren in all diesen Jahren realisierten Arbeiten und Projekten pr\u00e4sentieren wir Ihnen hier eine detaillierte Auswahl.<\/p>\n\n\n\n<p>F\u00fcr <strong>M2ARQUITECTURA<\/strong> liegt die Bedeutung eines Projekts nicht in seiner kleineren oder gr\u00f6\u00dferen Dimension, sondern im Streben nach dem bestm\u00f6glichen Ergebnis f\u00fcr jede Art von Auftrag und Kunden. Auf der Basis von technischer Pr\u00e4zision und \u00e4sthetischer Sensibilit\u00e4t verwandeln wir Bed\u00fcrfnisse in einzigartige architektonische L\u00f6sungen.<\/p>\n\n\n\n<p><\/p>\n","protected":false},"excerpt":{"rendered":"<p>Aus unseren in all diesen Jahren realisierten Arbeiten und Projekten pr\u00e4sentieren wir Ihnen hier eine detaillierte Auswahl. F\u00fcr M2ARQUITECTURA liegt die Bedeutung eines Projekts nicht in seiner kleineren oder gr\u00f6\u00dferen &hellip;<\/p>\n","protected":false},"author":1,"featured_media":0,"parent":0,"menu_order":0,"comment_status":"closed","ping_status":"closed","template":"page-templates\/page-portafolio.php","meta":{"_acf_changed":false,"footnotes":""},"class_list":["post-1393","page","type-page","status-publish","hentry"],"acf":[],"yoast_head":"<!-- This site is optimized with the Yoast SEO plugin v27.2 - https:\/\/yoast.com\/product\/yoast-seo-wordpress\/ -->\n<title>Architektur- und Sanierungsportfolio | M2 Architektur<\/title>\n<meta name=\"description\" content=\"Entdecken Sie ausgew\u00e4hlte Projekte aus Architektur, Neubau, Sanierung und Innenarchitektur von M2 Architektur.\" \/>\n<meta name=\"robots\" content=\"index, follow, max-snippet:-1, max-image-preview:large, max-video-preview:-1\" \/>\n<link rel=\"canonical\" href=\"https:\/\/www.m2arquitectura.es\/de\/portfolio\/\" \/>\n<meta property=\"og:locale\" content=\"de_DE\" \/>\n<meta property=\"og:type\" content=\"article\" \/>\n<meta property=\"og:title\" content=\"Architektur- und Sanierungsportfolio | M2 Architektur\" \/>\n<meta property=\"og:description\" content=\"Entdecken Sie ausgew\u00e4hlte Projekte aus Architektur, Neubau, Sanierung und Innenarchitektur von M2 Architektur.\" \/>\n<meta property=\"og:url\" content=\"https:\/\/www.m2arquitectura.es\/de\/portfolio\/\" \/>\n<meta property=\"og:site_name\" content=\"M2ARQUITECTURA\" \/>\n<meta property=\"article:modified_time\" content=\"2026-07-28T14:17:15+00:00\" \/>\n<meta name=\"twitter:card\" content=\"summary_large_image\" \/>\n<meta name=\"twitter:label1\" content=\"Gesch\u00e4tzte Lesezeit\" \/>\n\t<meta name=\"twitter:data1\" content=\"1\u00a0Minute\" \/>\n<script type=\"application\/ld+json\" class=\"yoast-schema-graph\">{\"@context\":\"https:\/\/schema.org\",\"@graph\":[{\"@type\":\"WebPage\",\"@id\":\"https:\/\/www.m2arquitectura.es\/de\/portfolio\/\",\"url\":\"https:\/\/www.m2arquitectura.es\/de\/portfolio\/\",\"name\":\"Architektur- und Sanierungsportfolio | M2 Architektur\",\"isPartOf\":{\"@id\":\"https:\/\/www.m2arquitectura.es\/de\/#website\"},\"datePublished\":\"2026-03-25T10:47:34+00:00\",\"dateModified\":\"2026-07-28T14:17:15+00:00\",\"description\":\"Entdecken Sie ausgew\u00e4hlte Projekte aus Architektur, Neubau, Sanierung und Innenarchitektur von M2 Architektur.\",\"breadcrumb\":{\"@id\":\"https:\/\/www.m2arquitectura.es\/de\/portfolio\/#breadcrumb\"},\"inLanguage\":\"de\",\"potentialAction\":[{\"@type\":\"ReadAction\",\"target\":[\"https:\/\/www.m2arquitectura.es\/de\/portfolio\/\"]}]},{\"@type\":\"BreadcrumbList\",\"@id\":\"https:\/\/www.m2arquitectura.es\/de\/portfolio\/#breadcrumb\",\"itemListElement\":[{\"@type\":\"ListItem\",\"position\":1,\"name\":\"Portada\",\"item\":\"https:\/\/www.m2arquitectura.es\/de\/\"},{\"@type\":\"ListItem\",\"position\":2,\"name\":\"Portfolio\"}]},{\"@type\":\"WebSite\",\"@id\":\"https:\/\/www.m2arquitectura.es\/de\/#website\",\"url\":\"https:\/\/www.m2arquitectura.es\/de\/\",\"name\":\"M2ARQUITECTURA\",\"description\":\"M2arquitectura personaliza la arquitectura para cada tipo de cliente en funci\u00f3n de sus necesidades, condiciones econ\u00f3micas y el entorno.\",\"publisher\":{\"@id\":\"https:\/\/www.m2arquitectura.es\/de\/#organization\"},\"potentialAction\":[{\"@type\":\"SearchAction\",\"target\":{\"@type\":\"EntryPoint\",\"urlTemplate\":\"https:\/\/www.m2arquitectura.es\/de\/?s={search_term_string}\"},\"query-input\":{\"@type\":\"PropertyValueSpecification\",\"valueRequired\":true,\"valueName\":\"search_term_string\"}}],\"inLanguage\":\"de\"},{\"@type\":\"Organization\",\"@id\":\"https:\/\/www.m2arquitectura.es\/de\/#organization\",\"name\":\"M2ARQUITECTURA\",\"url\":\"https:\/\/www.m2arquitectura.es\/de\/\",\"logo\":{\"@type\":\"ImageObject\",\"inLanguage\":\"de\",\"@id\":\"https:\/\/www.m2arquitectura.es\/de\/#\/schema\/logo\/image\/\",\"url\":\"https:\/\/www.m2arquitectura.es\/wp-content\/uploads\/logo-1.png\",\"contentUrl\":\"https:\/\/www.m2arquitectura.es\/wp-content\/uploads\/logo-1.png\",\"width\":172,\"height\":204,\"caption\":\"M2ARQUITECTURA\"},\"image\":{\"@id\":\"https:\/\/www.m2arquitectura.es\/de\/#\/schema\/logo\/image\/\"}}]}<\/script>\n<!-- \/ Yoast SEO plugin. -->","yoast_head_json":{"title":"Architektur- und Sanierungsportfolio | M2 Architektur","description":"Entdecken Sie ausgew\u00e4hlte Projekte aus Architektur, Neubau, Sanierung und Innenarchitektur von M2 Architektur.","robots":{"index":"index","follow":"follow","max-snippet":"max-snippet:-1","max-image-preview":"max-image-preview:large","max-video-preview":"max-video-preview:-1"},"canonical":"https:\/\/www.m2arquitectura.es\/de\/portfolio\/","og_locale":"de_DE","og_type":"article","og_title":"Architektur- und Sanierungsportfolio | M2 Architektur","og_description":"Entdecken Sie ausgew\u00e4hlte Projekte aus Architektur, Neubau, Sanierung und Innenarchitektur von M2 Architektur.","og_url":"https:\/\/www.m2arquitectura.es\/de\/portfolio\/","og_site_name":"M2ARQUITECTURA","article_modified_time":"2026-07-28T14:17:15+00:00","twitter_card":"summary_large_image","twitter_misc":{"Gesch\u00e4tzte Lesezeit":"1\u00a0Minute"},"schema":{"@context":"https:\/\/schema.org","@graph":[{"@type":"WebPage","@id":"https:\/\/www.m2arquitectura.es\/de\/portfolio\/","url":"https:\/\/www.m2arquitectura.es\/de\/portfolio\/","name":"Architektur- und Sanierungsportfolio | M2 Architektur","isPartOf":{"@id":"https:\/\/www.m2arquitectura.es\/de\/#website"},"datePublished":"2026-03-25T10:47:34+00:00","dateModified":"2026-07-28T14:17:15+00:00","description":"Entdecken Sie ausgew\u00e4hlte Projekte aus Architektur, Neubau, Sanierung und Innenarchitektur von M2 Architektur.","breadcrumb":{"@id":"https:\/\/www.m2arquitectura.es\/de\/portfolio\/#breadcrumb"},"inLanguage":"de","potentialAction":[{"@type":"ReadAction","target":["https:\/\/www.m2arquitectura.es\/de\/portfolio\/"]}]},{"@type":"BreadcrumbList","@id":"https:\/\/www.m2arquitectura.es\/de\/portfolio\/#breadcrumb","itemListElement":[{"@type":"ListItem","position":1,"name":"Portada","item":"https:\/\/www.m2arquitectura.es\/de\/"},{"@type":"ListItem","position":2,"name":"Portfolio"}]},{"@type":"WebSite","@id":"https:\/\/www.m2arquitectura.es\/de\/#website","url":"https:\/\/www.m2arquitectura.es\/de\/","name":"M2ARQUITECTURA","description":"M2arquitectura personaliza la arquitectura para cada tipo de cliente en funci\u00f3n de sus necesidades, condiciones econ\u00f3micas y el entorno.","publisher":{"@id":"https:\/\/www.m2arquitectura.es\/de\/#organization"},"potentialAction":[{"@type":"SearchAction","target":{"@type":"EntryPoint","urlTemplate":"https:\/\/www.m2arquitectura.es\/de\/?s={search_term_string}"},"query-input":{"@type":"PropertyValueSpecification","valueRequired":true,"valueName":"search_term_string"}}],"inLanguage":"de"},{"@type":"Organization","@id":"https:\/\/www.m2arquitectura.es\/de\/#organization","name":"M2ARQUITECTURA","url":"https:\/\/www.m2arquitectura.es\/de\/","logo":{"@type":"ImageObject","inLanguage":"de","@id":"https:\/\/www.m2arquitectura.es\/de\/#\/schema\/logo\/image\/","url":"https:\/\/www.m2arquitectura.es\/wp-content\/uploads\/logo-1.png","contentUrl":"https:\/\/www.m2arquitectura.es\/wp-content\/uploads\/logo-1.png","width":172,"height":204,"caption":"M2ARQUITECTURA"},"image":{"@id":"https:\/\/www.m2arquitectura.es\/de\/#\/schema\/logo\/image\/"}}]}},"_links":{"self":[{"href":"https:\/\/www.m2arquitectura.es\/de\/wp-json\/wp\/v2\/pages\/1393","targetHints":{"allow":["GET"]}}],"collection":[{"href":"https:\/\/www.m2arquitectura.es\/de\/wp-json\/wp\/v2\/pages"}],"about":[{"href":"https:\/\/www.m2arquitectura.es\/de\/wp-json\/wp\/v2\/types\/page"}],"author":[{"embeddable":true,"href":"https:\/\/www.m2arquitectura.es\/de\/wp-json\/wp\/v2\/users\/1"}],"replies":[{"embeddable":true,"href":"https:\/\/www.m2arquitectura.es\/de\/wp-json\/wp\/v2\/comments?post=1393"}],"version-history":[{"count":6,"href":"https:\/\/www.m2arquitectura.es\/de\/wp-json\/wp\/v2\/pages\/1393\/revisions"}],"predecessor-version":[{"id":3197,"href":"https:\/\/www.m2arquitectura.es\/de\/wp-json\/wp\/v2\/pages\/1393\/revisions\/3197"}],"wp:attachment":[{"href":"https:\/\/www.m2arquitectura.es\/de\/wp-json\/wp\/v2\/media?parent=1393"}],"curies":[{"name":"wp","href":"https:\/\/api.w.org\/{rel}","templated":true}]}}

<p>Aus unseren in all diesen Jahren realisierten Arbeiten und Projekten präsentieren wir Ihnen hier eine detaillierte Auswahl.</p>



<p>Für <strong>M2ARQUITECTURA</strong> liegt die Bedeutung eines Projekts nicht in seiner kleineren oder größeren Dimension, sondern im Streben nach dem bestmöglichen Ergebnis für jede Art von Auftrag und Kunden. Auf der Basis von technischer Präzision und ästhetischer Sensibilität verwandeln wir Bedürfnisse in einzigartige architektonische Lösungen.</p>



<p></p>

<p>Aus unseren in all diesen Jahren realisierten Arbeiten und Projekten präsentieren wir Ihnen hier eine detaillierte Auswahl. Für M2ARQUITECTURA liegt die Bedeutung eines Projekts nicht in seiner kleineren oder größeren &hellip;</p>

<!-- This site is optimized with the Yoast SEO plugin v27.2 - https://yoast.com/product/yoast-seo-wordpress/ -->
<title>Architektur- und Sanierungsportfolio | M2 Architektur</title>
<meta name="description" content="Entdecken Sie ausgewählte Projekte aus Architektur, Neubau, Sanierung und Innenarchitektur von M2 Architektur." />
<meta name="robots" content="index, follow, max-snippet:-1, max-image-preview:large, max-video-preview:-1" />
<link rel="canonical" href="https://www.m2arquitectura.es/de/portfolio/" />
<meta property="og:locale" content="de_DE" />
<meta property="og:type" content="article" />
<meta property="og:title" content="Architektur- und Sanierungsportfolio | M2 Architektur" />
<meta property="og:description" content="Entdecken Sie ausgewählte Projekte aus Architektur, Neubau, Sanierung und Innenarchitektur von M2 Architektur." />
<meta property="og:url" content="https://www.m2arquitectura.es/de/portfolio/" />
<meta property="og:site_name" content="M2ARQUITECTURA" />
<meta property="article:modified_time" content="2026-07-28T14:17:15+00:00" />
<meta name="twitter:card" content="summary_large_image" />
<meta name="twitter:label1" content="Geschätzte Lesezeit" />
	<meta name="twitter:data1" content="1 Minute" />
<script type="application/ld+json" class="yoast-schema-graph">{"@context":"https://schema.org","@graph":[{"@type":"WebPage","@id":"https://www.m2arquitectura.es/de/portfolio/","url":"https://www.m2arquitectura.es/de/portfolio/","name":"Architektur- und Sanierungsportfolio | M2 Architektur","isPartOf":{"@id":"https://www.m2arquitectura.es/de/#website"},"datePublished":"2026-03-25T10:47:34+00:00","dateModified":"2026-07-28T14:17:15+00:00","description":"Entdecken Sie ausgewählte Projekte aus Architektur, Neubau, Sanierung und Innenarchitektur von M2 Architektur.","breadcrumb":{"@id":"https://www.m2arquitectura.es/de/portfolio/#breadcrumb"},"inLanguage":"de","potentialAction":[{"@type":"ReadAction","target":["https://www.m2arquitectura.es/de/portfolio/"]}]},{"@type":"BreadcrumbList","@id":"https://www.m2arquitectura.es/de/portfolio/#breadcrumb","itemListElement":[{"@type":"ListItem","position":1,"name":"Portada","item":"https://www.m2arquitectura.es/de/"},{"@type":"ListItem","position":2,"name":"Portfolio"}]},{"@type":"WebSite","@id":"https://www.m2arquitectura.es/de/#website","url":"https://www.m2arquitectura.es/de/","name":"M2ARQUITECTURA","description":"M2arquitectura personaliza la arquitectura para cada tipo de cliente en función de sus necesidades, condiciones económicas y el entorno.","publisher":{"@id":"https://www.m2arquitectura.es/de/#organization"},"potentialAction":[{"@type":"SearchAction","target":{"@type":"EntryPoint","urlTemplate":"https://www.m2arquitectura.es/de/?s={search_term_string}"},"query-input":{"@type":"PropertyValueSpecification","valueRequired":true,"valueName":"search_term_string"}}],"inLanguage":"de"},{"@type":"Organization","@id":"https://www.m2arquitectura.es/de/#organization","name":"M2ARQUITECTURA","url":"https://www.m2arquitectura.es/de/","logo":{"@type":"ImageObject","inLanguage":"de","@id":"https://www.m2arquitectura.es/de/#/schema/logo/image/","url":"https://www.m2arquitectura.es/wp-content/uploads/logo-1.png","contentUrl":"https://www.m2arquitectura.es/wp-content/uploads/logo-1.png","width":172,"height":204,"caption":"M2ARQUITECTURA"},"image":{"@id":"https://www.m2arquitectura.es/de/#/schema/logo/image/"}}]}</script>
<!-- / Yoast SEO plugin. -->

Entdecken Sie ausgewählte Projekte aus Architektur, Neubau, Sanierung und Innenarchitektur von M2 Architektur.

M2arquitectura personaliza la arquitectura para cada tipo de cliente en función de sus necesidades, condiciones económicas y el entorno.
