{"id":1375,"date":"2026-03-25T10:47:49","date_gmt":"2026-03-25T10:47:49","guid":{"rendered":"https:\/\/www.m2arquitectura.es\/servicios\/"},"modified":"2026-07-28T14:20:50","modified_gmt":"2026-07-28T14:20:50","slug":"services","status":"publish","type":"page","link":"https:\/\/www.m2arquitectura.es\/de\/services\/","title":{"rendered":"Services"},"content":{"rendered":"\n<p>Bei <strong>M2ARQUITECTURA<\/strong> bieten wir Ihnen ma\u00dfgeschneiderte Dienstleistungen in den Bereichen Architektur und Innenarchitektur sowie ein exklusives, auf Ihre Bed\u00fcrfnisse zugeschnittenes Servicepaket. Wir arbeiten in kontinuierlicher Kooperation mit einem starken Netzwerk aus Fachleuten zusammen \u2013 darunter Topografen, Geologen, Ingenieure, technische Architekten, Rechtsanw\u00e4lte, Notare und Registerbeamte. Diese Synergie garantiert eine vollst\u00e4ndige technische und rechtliche Due Diligence.<\/p>\n\n\n\n<p>Um eine direkte, transparente und barrierefreie Kommunikation in jeder Phase der Zusammenarbeit zu gew\u00e4hrleisten, betreuen wir unsere Kunden flie\u00dfend und pers\u00f6nlich in vier Sprachen: Deutsch, Englisch, Spanisch und Katalanisch.<\/p>\n\n\n\n<p><\/p>\n","protected":false},"excerpt":{"rendered":"<p>Bei M2ARQUITECTURA bieten wir Ihnen ma\u00dfgeschneiderte Dienstleistungen in den Bereichen Architektur und Innenarchitektur sowie ein exklusives, auf Ihre Bed\u00fcrfnisse zugeschnittenes Servicepaket. Wir arbeiten in kontinuierlicher Kooperation mit einem starken Netzwerk &hellip;<\/p>\n","protected":false},"author":1,"featured_media":0,"parent":0,"menu_order":0,"comment_status":"closed","ping_status":"closed","template":"page-templates\/page-services.php","meta":{"_acf_changed":false,"footnotes":""},"class_list":["post-1375","page","type-page","status-publish","hentry"],"acf":[],"yoast_head":"<!-- This site is optimized with the Yoast SEO plugin v27.2 - https:\/\/yoast.com\/product\/yoast-seo-wordpress\/ -->\n<title>Architektur- und Innenarchitekturleistungen | M2 Architektur<\/title>\n<meta name=\"description\" content=\"Architektur, Innenarchitektur, Machbarkeitsstudien, Legalisierung und Projektmanagement mit umfassender technischer und rechtlicher Beratung.\" \/>\n<meta name=\"robots\" content=\"index, follow, max-snippet:-1, max-image-preview:large, max-video-preview:-1\" \/>\n<link rel=\"canonical\" href=\"https:\/\/www.m2arquitectura.es\/de\/services\/\" \/>\n<meta property=\"og:locale\" content=\"de_DE\" \/>\n<meta property=\"og:type\" content=\"article\" \/>\n<meta property=\"og:title\" content=\"Architektur- und Innenarchitekturleistungen | M2 Architektur\" \/>\n<meta property=\"og:description\" content=\"Architektur, Innenarchitektur, Machbarkeitsstudien, Legalisierung und Projektmanagement mit umfassender technischer und rechtlicher Beratung.\" \/>\n<meta property=\"og:url\" content=\"https:\/\/www.m2arquitectura.es\/de\/services\/\" \/>\n<meta property=\"og:site_name\" content=\"M2ARQUITECTURA\" \/>\n<meta property=\"article:modified_time\" content=\"2026-07-28T14:20:50+00:00\" \/>\n<meta name=\"twitter:card\" content=\"summary_large_image\" \/>\n<meta name=\"twitter:label1\" content=\"Gesch\u00e4tzte Lesezeit\" \/>\n\t<meta name=\"twitter:data1\" content=\"1\u00a0Minute\" \/>\n<script type=\"application\/ld+json\" class=\"yoast-schema-graph\">{\"@context\":\"https:\/\/schema.org\",\"@graph\":[{\"@type\":\"WebPage\",\"@id\":\"https:\/\/www.m2arquitectura.es\/de\/services\/\",\"url\":\"https:\/\/www.m2arquitectura.es\/de\/services\/\",\"name\":\"Architektur- und Innenarchitekturleistungen | M2 Architektur\",\"isPartOf\":{\"@id\":\"https:\/\/www.m2arquitectura.es\/de\/#website\"},\"datePublished\":\"2026-03-25T10:47:49+00:00\",\"dateModified\":\"2026-07-28T14:20:50+00:00\",\"description\":\"Architektur, Innenarchitektur, Machbarkeitsstudien, Legalisierung und Projektmanagement mit umfassender technischer und rechtlicher Beratung.\",\"breadcrumb\":{\"@id\":\"https:\/\/www.m2arquitectura.es\/de\/services\/#breadcrumb\"},\"inLanguage\":\"de\",\"potentialAction\":[{\"@type\":\"ReadAction\",\"target\":[\"https:\/\/www.m2arquitectura.es\/de\/services\/\"]}]},{\"@type\":\"BreadcrumbList\",\"@id\":\"https:\/\/www.m2arquitectura.es\/de\/services\/#breadcrumb\",\"itemListElement\":[{\"@type\":\"ListItem\",\"position\":1,\"name\":\"Portada\",\"item\":\"https:\/\/www.m2arquitectura.es\/de\/\"},{\"@type\":\"ListItem\",\"position\":2,\"name\":\"Services\"}]},{\"@type\":\"WebSite\",\"@id\":\"https:\/\/www.m2arquitectura.es\/de\/#website\",\"url\":\"https:\/\/www.m2arquitectura.es\/de\/\",\"name\":\"M2ARQUITECTURA\",\"description\":\"M2arquitectura personaliza la arquitectura para cada tipo de cliente en funci\u00f3n de sus necesidades, condiciones econ\u00f3micas y el entorno.\",\"publisher\":{\"@id\":\"https:\/\/www.m2arquitectura.es\/de\/#organization\"},\"potentialAction\":[{\"@type\":\"SearchAction\",\"target\":{\"@type\":\"EntryPoint\",\"urlTemplate\":\"https:\/\/www.m2arquitectura.es\/de\/?s={search_term_string}\"},\"query-input\":{\"@type\":\"PropertyValueSpecification\",\"valueRequired\":true,\"valueName\":\"search_term_string\"}}],\"inLanguage\":\"de\"},{\"@type\":\"Organization\",\"@id\":\"https:\/\/www.m2arquitectura.es\/de\/#organization\",\"name\":\"M2ARQUITECTURA\",\"url\":\"https:\/\/www.m2arquitectura.es\/de\/\",\"logo\":{\"@type\":\"ImageObject\",\"inLanguage\":\"de\",\"@id\":\"https:\/\/www.m2arquitectura.es\/de\/#\/schema\/logo\/image\/\",\"url\":\"https:\/\/www.m2arquitectura.es\/wp-content\/uploads\/logo-1.png\",\"contentUrl\":\"https:\/\/www.m2arquitectura.es\/wp-content\/uploads\/logo-1.png\",\"width\":172,\"height\":204,\"caption\":\"M2ARQUITECTURA\"},\"image\":{\"@id\":\"https:\/\/www.m2arquitectura.es\/de\/#\/schema\/logo\/image\/\"}}]}<\/script>\n<!-- \/ Yoast SEO plugin. -->","yoast_head_json":{"title":"Architektur- und Innenarchitekturleistungen | M2 Architektur","description":"Architektur, Innenarchitektur, Machbarkeitsstudien, Legalisierung und Projektmanagement mit umfassender technischer und rechtlicher Beratung.","robots":{"index":"index","follow":"follow","max-snippet":"max-snippet:-1","max-image-preview":"max-image-preview:large","max-video-preview":"max-video-preview:-1"},"canonical":"https:\/\/www.m2arquitectura.es\/de\/services\/","og_locale":"de_DE","og_type":"article","og_title":"Architektur- und Innenarchitekturleistungen | M2 Architektur","og_description":"Architektur, Innenarchitektur, Machbarkeitsstudien, Legalisierung und Projektmanagement mit umfassender technischer und rechtlicher Beratung.","og_url":"https:\/\/www.m2arquitectura.es\/de\/services\/","og_site_name":"M2ARQUITECTURA","article_modified_time":"2026-07-28T14:20:50+00:00","twitter_card":"summary_large_image","twitter_misc":{"Gesch\u00e4tzte Lesezeit":"1\u00a0Minute"},"schema":{"@context":"https:\/\/schema.org","@graph":[{"@type":"WebPage","@id":"https:\/\/www.m2arquitectura.es\/de\/services\/","url":"https:\/\/www.m2arquitectura.es\/de\/services\/","name":"Architektur- und Innenarchitekturleistungen | M2 Architektur","isPartOf":{"@id":"https:\/\/www.m2arquitectura.es\/de\/#website"},"datePublished":"2026-03-25T10:47:49+00:00","dateModified":"2026-07-28T14:20:50+00:00","description":"Architektur, Innenarchitektur, Machbarkeitsstudien, Legalisierung und Projektmanagement mit umfassender technischer und rechtlicher Beratung.","breadcrumb":{"@id":"https:\/\/www.m2arquitectura.es\/de\/services\/#breadcrumb"},"inLanguage":"de","potentialAction":[{"@type":"ReadAction","target":["https:\/\/www.m2arquitectura.es\/de\/services\/"]}]},{"@type":"BreadcrumbList","@id":"https:\/\/www.m2arquitectura.es\/de\/services\/#breadcrumb","itemListElement":[{"@type":"ListItem","position":1,"name":"Portada","item":"https:\/\/www.m2arquitectura.es\/de\/"},{"@type":"ListItem","position":2,"name":"Services"}]},{"@type":"WebSite","@id":"https:\/\/www.m2arquitectura.es\/de\/#website","url":"https:\/\/www.m2arquitectura.es\/de\/","name":"M2ARQUITECTURA","description":"M2arquitectura personaliza la arquitectura para cada tipo de cliente en funci\u00f3n de sus necesidades, condiciones econ\u00f3micas y el entorno.","publisher":{"@id":"https:\/\/www.m2arquitectura.es\/de\/#organization"},"potentialAction":[{"@type":"SearchAction","target":{"@type":"EntryPoint","urlTemplate":"https:\/\/www.m2arquitectura.es\/de\/?s={search_term_string}"},"query-input":{"@type":"PropertyValueSpecification","valueRequired":true,"valueName":"search_term_string"}}],"inLanguage":"de"},{"@type":"Organization","@id":"https:\/\/www.m2arquitectura.es\/de\/#organization","name":"M2ARQUITECTURA","url":"https:\/\/www.m2arquitectura.es\/de\/","logo":{"@type":"ImageObject","inLanguage":"de","@id":"https:\/\/www.m2arquitectura.es\/de\/#\/schema\/logo\/image\/","url":"https:\/\/www.m2arquitectura.es\/wp-content\/uploads\/logo-1.png","contentUrl":"https:\/\/www.m2arquitectura.es\/wp-content\/uploads\/logo-1.png","width":172,"height":204,"caption":"M2ARQUITECTURA"},"image":{"@id":"https:\/\/www.m2arquitectura.es\/de\/#\/schema\/logo\/image\/"}}]}},"_links":{"self":[{"href":"https:\/\/www.m2arquitectura.es\/de\/wp-json\/wp\/v2\/pages\/1375","targetHints":{"allow":["GET"]}}],"collection":[{"href":"https:\/\/www.m2arquitectura.es\/de\/wp-json\/wp\/v2\/pages"}],"about":[{"href":"https:\/\/www.m2arquitectura.es\/de\/wp-json\/wp\/v2\/types\/page"}],"author":[{"embeddable":true,"href":"https:\/\/www.m2arquitectura.es\/de\/wp-json\/wp\/v2\/users\/1"}],"replies":[{"embeddable":true,"href":"https:\/\/www.m2arquitectura.es\/de\/wp-json\/wp\/v2\/comments?post=1375"}],"version-history":[{"count":8,"href":"https:\/\/www.m2arquitectura.es\/de\/wp-json\/wp\/v2\/pages\/1375\/revisions"}],"predecessor-version":[{"id":4259,"href":"https:\/\/www.m2arquitectura.es\/de\/wp-json\/wp\/v2\/pages\/1375\/revisions\/4259"}],"wp:attachment":[{"href":"https:\/\/www.m2arquitectura.es\/de\/wp-json\/wp\/v2\/media?parent=1375"}],"curies":[{"name":"wp","href":"https:\/\/api.w.org\/{rel}","templated":true}]}}

<p>Bei <strong>M2ARQUITECTURA</strong> bieten wir Ihnen maßgeschneiderte Dienstleistungen in den Bereichen Architektur und Innenarchitektur sowie ein exklusives, auf Ihre Bedürfnisse zugeschnittenes Servicepaket. Wir arbeiten in kontinuierlicher Kooperation mit einem starken Netzwerk aus Fachleuten zusammen – darunter Topografen, Geologen, Ingenieure, technische Architekten, Rechtsanwälte, Notare und Registerbeamte. Diese Synergie garantiert eine vollständige technische und rechtliche Due Diligence.</p>



<p>Um eine direkte, transparente und barrierefreie Kommunikation in jeder Phase der Zusammenarbeit zu gewährleisten, betreuen wir unsere Kunden fließend und persönlich in vier Sprachen: Deutsch, Englisch, Spanisch und Katalanisch.</p>



<p></p>

<p>Bei M2ARQUITECTURA bieten wir Ihnen maßgeschneiderte Dienstleistungen in den Bereichen Architektur und Innenarchitektur sowie ein exklusives, auf Ihre Bedürfnisse zugeschnittenes Servicepaket. Wir arbeiten in kontinuierlicher Kooperation mit einem starken Netzwerk &hellip;</p>

<!-- This site is optimized with the Yoast SEO plugin v27.2 - https://yoast.com/product/yoast-seo-wordpress/ -->
<title>Architektur- und Innenarchitekturleistungen | M2 Architektur</title>
<meta name="description" content="Architektur, Innenarchitektur, Machbarkeitsstudien, Legalisierung und Projektmanagement mit umfassender technischer und rechtlicher Beratung." />
<meta name="robots" content="index, follow, max-snippet:-1, max-image-preview:large, max-video-preview:-1" />
<link rel="canonical" href="https://www.m2arquitectura.es/de/services/" />
<meta property="og:locale" content="de_DE" />
<meta property="og:type" content="article" />
<meta property="og:title" content="Architektur- und Innenarchitekturleistungen | M2 Architektur" />
<meta property="og:description" content="Architektur, Innenarchitektur, Machbarkeitsstudien, Legalisierung und Projektmanagement mit umfassender technischer und rechtlicher Beratung." />
<meta property="og:url" content="https://www.m2arquitectura.es/de/services/" />
<meta property="og:site_name" content="M2ARQUITECTURA" />
<meta property="article:modified_time" content="2026-07-28T14:20:50+00:00" />
<meta name="twitter:card" content="summary_large_image" />
<meta name="twitter:label1" content="Geschätzte Lesezeit" />
	<meta name="twitter:data1" content="1 Minute" />
<script type="application/ld+json" class="yoast-schema-graph">{"@context":"https://schema.org","@graph":[{"@type":"WebPage","@id":"https://www.m2arquitectura.es/de/services/","url":"https://www.m2arquitectura.es/de/services/","name":"Architektur- und Innenarchitekturleistungen | M2 Architektur","isPartOf":{"@id":"https://www.m2arquitectura.es/de/#website"},"datePublished":"2026-03-25T10:47:49+00:00","dateModified":"2026-07-28T14:20:50+00:00","description":"Architektur, Innenarchitektur, Machbarkeitsstudien, Legalisierung und Projektmanagement mit umfassender technischer und rechtlicher Beratung.","breadcrumb":{"@id":"https://www.m2arquitectura.es/de/services/#breadcrumb"},"inLanguage":"de","potentialAction":[{"@type":"ReadAction","target":["https://www.m2arquitectura.es/de/services/"]}]},{"@type":"BreadcrumbList","@id":"https://www.m2arquitectura.es/de/services/#breadcrumb","itemListElement":[{"@type":"ListItem","position":1,"name":"Portada","item":"https://www.m2arquitectura.es/de/"},{"@type":"ListItem","position":2,"name":"Services"}]},{"@type":"WebSite","@id":"https://www.m2arquitectura.es/de/#website","url":"https://www.m2arquitectura.es/de/","name":"M2ARQUITECTURA","description":"M2arquitectura personaliza la arquitectura para cada tipo de cliente en función de sus necesidades, condiciones económicas y el entorno.","publisher":{"@id":"https://www.m2arquitectura.es/de/#organization"},"potentialAction":[{"@type":"SearchAction","target":{"@type":"EntryPoint","urlTemplate":"https://www.m2arquitectura.es/de/?s={search_term_string}"},"query-input":{"@type":"PropertyValueSpecification","valueRequired":true,"valueName":"search_term_string"}}],"inLanguage":"de"},{"@type":"Organization","@id":"https://www.m2arquitectura.es/de/#organization","name":"M2ARQUITECTURA","url":"https://www.m2arquitectura.es/de/","logo":{"@type":"ImageObject","inLanguage":"de","@id":"https://www.m2arquitectura.es/de/#/schema/logo/image/","url":"https://www.m2arquitectura.es/wp-content/uploads/logo-1.png","contentUrl":"https://www.m2arquitectura.es/wp-content/uploads/logo-1.png","width":172,"height":204,"caption":"M2ARQUITECTURA"},"image":{"@id":"https://www.m2arquitectura.es/de/#/schema/logo/image/"}}]}</script>
<!-- / Yoast SEO plugin. -->

M2arquitectura personaliza la arquitectura para cada tipo de cliente en función de sus necesidades, condiciones económicas y el entorno.
